 the highest common divisor of a and c.
7
Suppose -17 = -4*m + 7. Let j = 24 - m. Suppose 14*x = 5*w + 19*x - 145, 5*x - 37 = -w. Calculate the highest common factor of w and j.
9
Suppose -n = 5*b + 8 + 6, b = 3*n - 22. Suppose -46 + 67 = s - 5*k, 11*k = -2*s. Suppose -n*p + 7 = -s. What is the highest common divisor of 1 and p?
1
Suppose -2*f = k, 5*f = -5*k - 17 + 42. Suppose 0 = -28*v + k*v + 5472. Calculate the greatest common factor of 48 and v.
16
Suppose 4*x - 3*a - 39 - 282 = 0, 15 = -5*a. Let t(k) = 14*k**3 - 2*k**2 - k + 2. Let f be t(2). Calculate the greatest common divisor of x and f.
26
Suppose 2*t + 26 = s, 0 = -3*s + 20*t - 24*t + 128. What is the greatest common divisor of 6354 and s?
18
Suppose 2*v - 8 = -2*k, 4*v - 13 = -2*k - 5. Suppose 5*d - k*s - 142 - 86 = 0, -3*d + 2*s + 136 = 0. Calculate the greatest common divisor of 4 and d.
4
Let f(q) = 4*q**2 + 46*q - 86. Let l be f(-15). What is the highest common factor of l and 1116?
124
Suppose -5*v - 12122 = -3*z, 4*v = 2*z - 7446 - 636. What is the highest common divisor of z and 7?
7
Suppose 0 = 4*n + 5*a - 6868 - 1715, -3*a = -3*n + 6444. Calculate the greatest common divisor of n and 57.
19
Let w be 2 - -4*(3 - -1). Suppose -5 = z, -179*f - z = -183*f + 13. What is the highest common divisor of w and f?
2
Let r(s) = -2*s - 83. Let v(a) = -3. Let m(b) = -r(b) + 6*v(b). Let o be m(-22). What is the greatest common factor of 189 and o?
21
Suppose -175*t = -168*t - 476. Suppose t*r = 58*r + 4550. Calculate the highest common divisor of 35 and r.
35
Suppose 5*v - 144 = -4*u, -4*u - 3*v + 45 = -99. Let o = -26 + u. Let g = -29545 - -29555. Calculate the highest common divisor of o and g.
10
Suppose -3*g = -2*k + 201, -5*k + 506 = -2*g - 2*g. Let u(q) = 2*q**2 + 15*q - 21. Let h be u(-18). Calculate the greatest common divisor of h and k.
51
Let s(b) = -11*b**2 - 5*b + 18. Let l be s(-6). Let q = l + 498. Let z be (-6)/(-4) - (0 - q/12). Calculate the highest common factor of z and 70.
14
Let h be (10/(-2))/((-5)/25*-5). Let f be -1 - (h - -2) - -63. Calculate the greatest common factor of 26 and f.
13
Let l(p) = 5*p**2 + 8*p - 20. Let r(q) = q**2 + 2*q - 5. Let b(s) = 2*l(s) - 9*r(s). Let z be b(7). What is the greatest common divisor of z and 50?
10
Let j = 9 + -1. Suppose 215 = 5*h - 4*d, -4*h + 2*d + 168 = -10. Let t = 9 + h. Calculate the highest common divisor of t and j.
8
Let y = -14 - -19. Suppose -4*p = -5*t - 267, y*t - 300 = 5*p - 10*p. What is the highest common factor of p and 84?
21
Suppose 0 = -153*i + 293*i - 119*i - 7203. What is the greatest common divisor of 539 and i?
49
Let g be (-4333)/(-12 + 5) - 8. Calculate the greatest common factor of 282 and g.
47
Suppose 3*r - 4*o = 0, -2*o = 5*r - 3*o. Suppose 0 = 5*f + u - r*u - 74, -4*u - 26 = -3*f. What is the highest common divisor of 3 and f?
1
Suppose -3*b + 53 - 242 = -3099. Calculate the greatest common factor of b and 70.
10
Suppose 5*a + 225 = 6*m + m, -2*m + a + 63 = 0. What is the highest common factor of m and 3822?
6
Let w(i) = -82*i + 2. Let u(c) = -4*c + 7. Let k be u(2). Let y be (2 + k/1)*5/(-5). Let m be w(y). What is the greatest common divisor of m and 126?
42
Let x = -444 + 521. Let o(b) = 2*b - 14. Let l be o(8). Suppose 2*d = -l*d + 28. What is the highest common divisor of x and d?
7
Suppose m - 15*i - 4840 = -248*i, 0 = -2*m + 3*i + 300. Let n = 22 - -83. Calculate the highest common factor of m and n.
15
Let d(l) = -l**3 + 7*l**2 + l + 15. Let z be d(6). Suppose 264 = -0*y + 28*y - 6*y. What is the greatest common divisor of z and y?
3
Suppose -p = 2*p - 4*x - 98, 0 = -3*x + 12. Suppose v - 462 = -4*t, -3411 = -7*v - t + 39. Calculate the greatest common divisor of v and p.
38
Suppose 17*j + 1751 - 7820 = 0. Let x(w) = -25*w + 27. Let y be x(-3). Calculate the highest common divisor of j and y.
51
Suppose 4 = -2*v + 2, 2*v - 178 = -3*x. Suppose -x = -3*q + 3*n, -2*q + 8*n = 4*n - 34. What is the greatest common divisor of 1 and q?
1
Let y(n) be the second derivative of -2*n**3 - 20*n**2 - n - 33. Let g be y(-4). Calculate the highest common divisor of g and 76.
4
Let y = -7647 + 7698. Let f = 1 + 2. What is the highest common divisor of y and f?
3
Suppose -3*u + 4231 = 5*q, 3*u - 3*q = 1246 + 3041. What is the greatest common factor of 18 and u?
18
Suppose -2*b + 5*h = 8*h - 30, -5*b - 2*h + 86 = 0. Suppose -16 = 5*x - 6, 8*x = -4*f + 344. Calculate the highest common divisor of f and b.
18
Let n(s) be the third derivative of -s**5/30 - 5*s**4/8 + 43*s**3/6 - 61*s**2. Let d be n(0). What is the highest common factor of d and 1?
1
Let n(r) = r**3 - 19*r**2 - 58*r + 351. Let s be n(21). Calculate the greatest common factor of 190 and s.
5
Suppose -4*a = 2*q - 8748, -3*a + 3701 = 5*q - 2860. Calculate the greatest common factor of 9 and a.
9
Suppose -3*o = 4*a - 20, 2*o + 6*a - 3*a = 14. Suppose 2*u + o*q + 8 = 68, -4*q = -4*u + 144. Calculate the greatest common divisor of u and 85.
17
Let u be ((-54)/21)/(((-312)/112)/39). Calculate the highest common divisor of 4779 and u.
9
Let p(g) = -10*g + 386. Let s be p(-9). Calculate the greatest common factor of s and 204.
68
Suppose -2*k - 492 = 3*t - 9932, 0 = 7*t - k - 22055. Calculate the highest common divisor of 90 and t.
90
Let y(t) = 23*t**2 - 17*t - 24. Let b be y(-3). Calculate the highest common divisor of b and 2925.
117
Suppose -81*h = -80*h + 316. Let p = 358 + h. What is the greatest common divisor of 56 and p?
14
Let t = 534 - 530. Let x be 17/((-34)/4)*(-14)/t. Calculate the highest common factor of x and 658.
7
Suppose -34 = 222*v - 227*v + 2*m, -v - 31 = 5*m. Calculate the highest common divisor of 1952 and v.
4
Let k be 57/1 - -6*10/(-60). Calculate the greatest common divisor of 800 and k.
8
Let f(m) = 12*m**2 + 38*m + 38. Let i be f(-1). Calculate the highest common factor of 108 and i.
12
Let n = 5252 - 5197. What is the greatest common divisor of n and 85?
5
Suppose q + 6 = 4*o - 0*q, -4*o - 4*q + 16 = 0. Suppose 4*i - 26 = -5*u, -2*u = 6*i - o*i - 20. Calculate the highest common factor of u and 16.
2
Let t be (-4 - 595/14)*((-22)/3 + 2). What is the highest common divisor of 144 and t?
8
Let s be (-178)/(-445) - 5/(50/(-836)). Calculate the highest common divisor of 210 and s.
42
Let b be (((-22)/4)/(-11))/(-3 - (-5215)/1738). Calculate the highest common factor of b and 55.
11
Let f be -2*(1 - 0) + ((-620)/(-31) - -5). What is the greatest common divisor of 2231 and f?
23
Let i = -233 + 280. Suppose -3*d + 4*d - 19 = 2*k, i = 3*d - 4*k. Suppose 0 = -4*m - 53 + 161. Calculate the highest common divisor of m and d.
9
Let i(h) = 43*h + 332. Let t be i(6). Calculate the greatest common factor of t and 31565.
295
Let o = -89 + 210. Suppose 12*n + 43 - 19 = 0. Let u be ((-22)/4)/(n/4). Calculate the highest common divisor of u and o.
11
Let k be 141 + -9*(-2)/(-6). Calculate the highest common factor of k and 989.
23
Let h be 260/(-6)*(-27)/6. Let a be -2*(-24496)/(-352) + (-2)/(-11). Let x = a + h. What is the greatest common divisor of x and 7?
7
Let h(f) = 4*f. Let r be h(2). Suppose m + 0*m + 2*c - r = 0, 0 = -m - 3*c + 11. Let j = 125893 + -125871. What is the highest common divisor of m and j?
2
Let s be ((-7)/(-56) - (-8780)/32)*4*2. Calculate the highest common divisor of s and 1220.
244
Suppose 2*q - 44184 = -2*q. Let m be q/(-12)*-1 + (-2)/4. What is the highest common factor of m and 40?
40
Suppose 1269*q + 64 = 1273*q. Let g = -39 + 7. Let h be ((-12)/(-8))/((-6)/g). What is the highest common factor of h and q?
8
Let q be 135 + -1 + (22 + -17 - 11). What is the greatest common divisor of 40 and q?
8
Let h(m) = 214*m - 2686. Let j be h(13). Calculate the highest common divisor of j and 7008.
96
Let a be 5*(1156/1360)/((-1)/(-16)). What is the greatest common factor of a and 7004?
68
Let a(k) = 13*k**3 - 2*k + 1. Let w be a(1). Let i = 461 - 785. Let z = 348 + i. Calculate the greatest common factor of z and w.
12
Let i(a) = -a + 15. Suppose o = 5 - 3, -5*n - 5*o + 10 = 0. Let t be i(n). Suppose 767*z - 766*z = 6. Calculate the highest common factor of z and t.
3
Let c(q) be the third derivative of -q**6/120 + 3*q**5/10 - 29*q**4/24 - 11*q**3/3 - q**2 + q. Let f be c(16). What is the greatest common factor of 2